{"id":9,"date":"2019-09-02T09:09:59","date_gmt":"2019-09-02T09:09:59","guid":{"rendered":"http:\/\/tramitadorinvalidez.es\/index.php\/practice-areas\/"},"modified":"2021-05-11T16:55:51","modified_gmt":"2021-05-11T16:55:51","slug":"practice-areas","status":"publish","type":"page","link":"https:\/\/tramitadorinvalidez.es\/index.php\/practice-areas\/","title":{"rendered":"Blogger"},"content":{"rendered":"\t\t<div data-elementor-type=\"wp-page\" data-elementor-id=\"9\" class=\"elementor elementor-9\" data-elementor-settings=\"[]\">\n\t\t\t\t\t\t\t<div class=\"elementor-section-wrap\">\n\t\t\t\t\t\t\t<section class=\"elementor-section elementor-top-section elementor-element elementor-element-2cc8437 elementor-section-boxed elementor-section-height-default elementor-section-height-default\" data-id=\"2cc8437\" data-element_type=\"section\" data-settings=\"{&quot;background_background&quot;:&quot;classic&quot;}\">\n\t\t\t\t\t\t\t<div class=\"elementor-background-overlay\"><\/div>\n\t\t\t\t\t\t\t<div class=\"elementor-container elementor-column-gap-no\">\n\t\t\t\t\t<div class=\"elementor-column elementor-col-66 elementor-top-column elementor-element elementor-element-1f773d9\" data-id=\"1f773d9\" data-element_type=\"column\">\n\t\t\t<div class=\"elementor-widget-wrap elementor-element-populated\">\n\t\t\t\t\t\t\t\t<div class=\"elementor-element elementor-element-a222872 elementor-widget elementor-widget-heading\" data-id=\"a222872\" data-element_type=\"widget\" data-widget_type=\"heading.default\">\n\t\t\t\t<div class=\"elementor-widget-container\">\n\t\t\t<h1 class=\"elementor-heading-title elementor-size-default\">Nuestro blog<\/h1>\t\t<\/div>\n\t\t\t\t<\/div>\n\t\t\t\t<div class=\"elementor-element elementor-element-319d9f1 elementor-widget-divider--view-line elementor-widget elementor-widget-divider\" data-id=\"319d9f1\" data-element_type=\"widget\" data-widget_type=\"divider.default\">\n\t\t\t\t<div class=\"elementor-widget-container\">\n\t\t\t\t\t<div class=\"elementor-divider\">\n\t\t\t<span class=\"elementor-divider-separator\">\n\t\t\t\t\t\t<\/span>\n\t\t<\/div>\n\t\t\t\t<\/div>\n\t\t\t\t<\/div>\n\t\t\t\t\t<\/div>\n\t\t<\/div>\n\t\t\t\t<div class=\"elementor-column elementor-col-33 elementor-top-column elementor-element elementor-element-23af036\" data-id=\"23af036\" data-element_type=\"column\">\n\t\t\t<div class=\"elementor-widget-wrap\">\n\t\t\t\t\t\t\t\t\t<\/div>\n\t\t<\/div>\n\t\t\t\t\t\t\t<\/div>\n\t\t<\/section>\n\t\t\t\t<section class=\"elementor-section elementor-top-section elementor-element elementor-element-70c16ee elementor-section-boxed elementor-section-height-default elementor-section-height-default\" data-id=\"70c16ee\" data-element_type=\"section\">\n\t\t\t\t\t\t<div class=\"elementor-container elementor-column-gap-default\">\n\t\t\t\t\t<div class=\"elementor-column elementor-col-100 elementor-top-column elementor-element elementor-element-576b05c\" data-id=\"576b05c\" data-element_type=\"column\">\n\t\t\t<div class=\"elementor-widget-wrap elementor-element-populated\">\n\t\t\t\t\t\t\t\t<div class=\"elementor-element elementor-element-6f17029 uael-post__separator-left elementor-widget elementor-widget-uael-posts\" data-id=\"6f17029\" data-element_type=\"widget\" data-settings=\"{&quot;feed_slides_to_show_tablet&quot;:2,&quot;feed_slides_to_show_mobile&quot;:1}\" data-widget_type=\"uael-posts.feed\">\n\t\t\t\t<div class=\"elementor-widget-container\">\n\t\t\t\t\t<div class=\"uael-post__header\">\n\t\t\t\t\t<\/div>\n\t\t<div class=\"uael-post__body\">\n\t\t\t\n\t\t\n\t\t<div class=\"uael-post-grid uael-posts\" data-query-type=\"custom\" data-structure=\"\" data-layout=\"\" data-page=\"9\" data-skin=\"feed\" data-filter-default=\"\" data-offset-top=\"30\" >\n\n\t\t\t\t\t\t\t<div class=\"uael-post-grid__inner uael-post__columns-1 uael-post__columns-tablet-1 uael-post__columns-mobile-1\">\n\t\t\t\n\n<div class=\"uael-post-wrapper  blog \">\n\n\t<div class=\"uael-post__bg-wrap\">\n\t\t\n\t\t\n\t\t<div class=\"uael-post__inner-wrap \">\n\n\t\t\t\t<div class=\"uael-post__thumbnail\">\n\t\t\t\n\t\t\t<a href=\"https:\/\/tramitadorinvalidez.es\/index.php\/2021\/05\/12\/todo-lo-que-debes-saber-sobre-la-invalidez\/\" target=\"_self\" title=\"Todo lo que debes saber sobre la invalidez\"><img width=\"1280\" height=\"720\" src=\"https:\/\/tramitadorinvalidez.es\/wp-content\/uploads\/2021\/05\/invalidez.jpg\" class=\"attachment-full size-full\" alt=\"\" loading=\"lazy\" \/><\/a>\n\t\t\t\t\t<\/div>\n\t\t\n\t\t\t\n\t\t\t<div class=\"uael-post__content-wrap\">\n\n\t\t\t<span class=\"uael-post__terms\"><a href=\"https:\/\/tramitadorinvalidez.es\/index.php\/category\/blog\/\" class=\"uael-listing__terms-link\" id=\"uael-post-term-blog\" aria-labelledby=\"uael-post-term-blog\">Blog<\/a><\/span>\t\t<h3 class=\"uael-post__title\">\n\n\t\t\n\t\t\t\t\t\t<a href=\"https:\/\/tramitadorinvalidez.es\/index.php\/2021\/05\/12\/todo-lo-que-debes-saber-sobre-la-invalidez\/\" target=\"_self\">\n\t\t\t\tTodo lo que debes saber sobre la invalidez\t\t\t<\/a>\n\n\t\t\t\t<\/h3>\n\t\t<div class=\"uael-post__separator\"><\/div>\n\t\t<div class=\"uael-post__excerpt\">\n\t\t\t<p>INVALIDEZ, es una prestaci\u00f3n que se reconoce al trabajador cuando, despu\u00e9s de haber estado sometido al tratamiento prescrito y haber sido dado de alta medicamente, &#8230;<\/p>\n\t\t<\/div>\n\n\t\t\t\t\t<div class=\"uael-post__meta-data\">\n\t\t\t\t\t<span class=\"uael-post__date\">\n\t\t\t\t\t\t\t\t\t\t\t\t\t<i aria-hidden=\"true\" class=\"fa fa-calendar\"><\/i>\t\t\t\t\t\t\t\t\t\n\t\t\tmayo 12, 2021\t\t<\/span>\n\t\t\t\t<\/div>\n\t\t\t\t\t<\/div>\n\t\t\t\n\t\t<\/div>\n\t\t\n\t<\/div>\n\n<\/div>\n\n\n<div class=\"uael-post-wrapper  blog \">\n\n\t<div class=\"uael-post__bg-wrap\">\n\t\t\n\t\t\n\t\t<div class=\"uael-post__inner-wrap \">\n\n\t\t\t\t<div class=\"uael-post__thumbnail\">\n\t\t\t\n\t\t\t<a href=\"https:\/\/tramitadorinvalidez.es\/index.php\/2021\/05\/12\/incapacidad-permanente-que-es-y-que-enfermedades-la-producen\/\" target=\"_self\" title=\"Incapacidad permanente. Qu\u00e9 es y que enfermedades la producen\"><img width=\"1280\" height=\"720\" src=\"https:\/\/tramitadorinvalidez.es\/wp-content\/uploads\/2021\/05\/incapacidad-1.jpg\" class=\"attachment-full size-full\" alt=\"\" loading=\"lazy\" \/><\/a>\n\t\t\t\t\t<\/div>\n\t\t\n\t\t\t\n\t\t\t<div class=\"uael-post__content-wrap\">\n\n\t\t\t<span class=\"uael-post__terms\"><a href=\"https:\/\/tramitadorinvalidez.es\/index.php\/category\/blog\/\" class=\"uael-listing__terms-link\" id=\"uael-post-term-blog\" aria-labelledby=\"uael-post-term-blog\">Blog<\/a><\/span>\t\t<h3 class=\"uael-post__title\">\n\n\t\t\n\t\t\t\t\t\t<a href=\"https:\/\/tramitadorinvalidez.es\/index.php\/2021\/05\/12\/incapacidad-permanente-que-es-y-que-enfermedades-la-producen\/\" target=\"_self\">\n\t\t\t\tIncapacidad permanente. Qu\u00e9 es y que enfermedades la producen\t\t\t<\/a>\n\n\t\t\t\t<\/h3>\n\t\t<div class=\"uael-post__separator\"><\/div>\n\t\t<div class=\"uael-post__excerpt\">\n\t\t\t<p>La incapacidad permanente se define como una situaci\u00f3n laboral en la que se encuentra un trabajador que no puede desempe\u00f1ar su profesi\u00f3n con normalidad debido &#8230;<\/p>\n\t\t<\/div>\n\n\t\t\t\t\t<div class=\"uael-post__meta-data\">\n\t\t\t\t\t<span class=\"uael-post__date\">\n\t\t\t\t\t\t\t\t\t\t\t\t\t<i aria-hidden=\"true\" class=\"fa fa-calendar\"><\/i>\t\t\t\t\t\t\t\t\t\n\t\t\tmayo 12, 2021\t\t<\/span>\n\t\t\t\t<\/div>\n\t\t\t\t\t<\/div>\n\t\t\t\n\t\t<\/div>\n\t\t\n\t<\/div>\n\n<\/div>\n\n\n<div class=\"uael-post-wrapper  blog \">\n\n\t<div class=\"uael-post__bg-wrap\">\n\t\t\n\t\t\n\t\t<div class=\"uael-post__inner-wrap \">\n\n\t\t\t\t<div class=\"uael-post__thumbnail\">\n\t\t\t\n\t\t\t<a href=\"https:\/\/tramitadorinvalidez.es\/index.php\/2021\/05\/11\/enfermedad-pulmonar-obstructiva-cronica-epoc\/\" target=\"_self\" title=\"ENFERMEDAD PULMONAR OBSTRUCTIVA CR\u00d3NICA (EPOC)\"><img width=\"1280\" height=\"720\" src=\"https:\/\/tramitadorinvalidez.es\/wp-content\/uploads\/2021\/05\/EPOC.jpg\" class=\"attachment-full size-full\" alt=\"\" loading=\"lazy\" \/><\/a>\n\t\t\t\t\t<\/div>\n\t\t\n\t\t\t\n\t\t\t<div class=\"uael-post__content-wrap\">\n\n\t\t\t<span class=\"uael-post__terms\"><a href=\"https:\/\/tramitadorinvalidez.es\/index.php\/category\/blog\/\" class=\"uael-listing__terms-link\" id=\"uael-post-term-blog\" aria-labelledby=\"uael-post-term-blog\">Blog<\/a><\/span>\t\t<h3 class=\"uael-post__title\">\n\n\t\t\n\t\t\t\t\t\t<a href=\"https:\/\/tramitadorinvalidez.es\/index.php\/2021\/05\/11\/enfermedad-pulmonar-obstructiva-cronica-epoc\/\" target=\"_self\">\n\t\t\t\tENFERMEDAD PULMONAR OBSTRUCTIVA CR\u00d3NICA (EPOC)\t\t\t<\/a>\n\n\t\t\t\t<\/h3>\n\t\t<div class=\"uael-post__separator\"><\/div>\n\t\t<div class=\"uael-post__excerpt\">\n\t\t\t<p>La enfermedad pulmonar obstructiva cr\u00f3nica (EPOC) es un trastorno pulmonar que se caracteriza por la existencia de una obstrucci\u00f3n de las v\u00edas respiratorias generalmente progresiva &#8230;<\/p>\n\t\t<\/div>\n\n\t\t\t\t\t<div class=\"uael-post__meta-data\">\n\t\t\t\t\t<span class=\"uael-post__date\">\n\t\t\t\t\t\t\t\t\t\t\t\t\t<i aria-hidden=\"true\" class=\"fa fa-calendar\"><\/i>\t\t\t\t\t\t\t\t\t\n\t\t\tmayo 11, 2021\t\t<\/span>\n\t\t\t\t<\/div>\n\t\t\t\t\t<\/div>\n\t\t\t\n\t\t<\/div>\n\t\t\n\t<\/div>\n\n<\/div>\n\n\n<div class=\"uael-post-wrapper  blog \">\n\n\t<div class=\"uael-post__bg-wrap\">\n\t\t\n\t\t\n\t\t<div class=\"uael-post__inner-wrap \">\n\n\t\t\t\t<div class=\"uael-post__thumbnail\">\n\t\t\t\n\t\t\t<a href=\"https:\/\/tramitadorinvalidez.es\/index.php\/2021\/05\/11\/trastorno-obsesivo-compulsivo-t-o-c\/\" target=\"_self\" title=\"Trastorno Obsesivo Compulsivo (T.O.C.). Enfermedad invalidante\"><img width=\"1280\" height=\"720\" src=\"https:\/\/tramitadorinvalidez.es\/wp-content\/uploads\/2021\/05\/toc.jpg\" class=\"attachment-full size-full\" alt=\"\" loading=\"lazy\" \/><\/a>\n\t\t\t\t\t<\/div>\n\t\t\n\t\t\t\n\t\t\t<div class=\"uael-post__content-wrap\">\n\n\t\t\t<span class=\"uael-post__terms\"><a href=\"https:\/\/tramitadorinvalidez.es\/index.php\/category\/blog\/\" class=\"uael-listing__terms-link\" id=\"uael-post-term-blog\" aria-labelledby=\"uael-post-term-blog\">Blog<\/a><\/span>\t\t<h3 class=\"uael-post__title\">\n\n\t\t\n\t\t\t\t\t\t<a href=\"https:\/\/tramitadorinvalidez.es\/index.php\/2021\/05\/11\/trastorno-obsesivo-compulsivo-t-o-c\/\" target=\"_self\">\n\t\t\t\tTrastorno Obsesivo Compulsivo (T.O.C.). Enfermedad invalidante\t\t\t<\/a>\n\n\t\t\t\t<\/h3>\n\t\t<div class=\"uael-post__separator\"><\/div>\n\t\t<div class=\"uael-post__excerpt\">\n\t\t\t<p>El trastorno obsesivo-compulsivo (T.O.C.) es un trastorno de ansiedad, caracterizado por pensamientos intrusivos, recurrentes y persistentes, que producen inquietud, aprensi\u00f3n, temor o preocupaci\u00f3n, y conductas &#8230;<\/p>\n\t\t<\/div>\n\n\t\t\t\t\t<div class=\"uael-post__meta-data\">\n\t\t\t\t\t<span class=\"uael-post__date\">\n\t\t\t\t\t\t\t\t\t\t\t\t\t<i aria-hidden=\"true\" class=\"fa fa-calendar\"><\/i>\t\t\t\t\t\t\t\t\t\n\t\t\tmayo 11, 2021\t\t<\/span>\n\t\t\t\t<\/div>\n\t\t\t\t\t<\/div>\n\t\t\t\n\t\t<\/div>\n\t\t\n\t<\/div>\n\n<\/div>\n\t\t\t\t<\/div>\n\t\t\t\t\t\t\n\t\t<\/div>\n\n\t\t\t\t\t\t<\/div>\n\t\t<div class=\"uael-post__footer\">\n\t\t\t\t\t\t<nav class=\"uael-grid-pagination\"  role=\"navigation\" aria-label=\"Pagination\" data-total=\"2\" data-next-page=\"2\">\n\t\t\t\t<span class=\"page-numbers current\">1<\/span>\n<a class=\"page-numbers\" href=\"https:\/\/tramitadorinvalidez.es\/index.php\/wp-json\/wp\/v2\/pages\/9\/page\/2\/\">2<\/a>\n<a class=\"next page-numbers\" href=\"https:\/\/tramitadorinvalidez.es\/index.php\/wp-json\/wp\/v2\/pages\/9\/page\/2\/\">Siguiente &raquo;<\/a>\n\t\t\t<\/nav>\n\n\t\t\t\t\t<\/div>\n\t\t\t\t<\/div>\n\t\t\t\t<\/div>\n\t\t\t\t\t<\/div>\n\t\t<\/div>\n\t\t\t\t\t\t\t<\/div>\n\t\t<\/section>\n\t\t\t\t\t\t<\/div>\n\t\t\t\t\t<\/div>\n\t\t","protected":false},"excerpt":{"rendered":"<p>Nuestro blog Blog Trastorno Obsesivo Compulsivo (T.O.C.). Enfermedad invalidante El trastorno obsesivo-compulsivo (T.O.C.) es un trastorno de ansiedad, caracterizado por pensamientos intrusivos, recurrentes y persistentes, que producen inquietud, aprensi\u00f3n, temor o preocupaci\u00f3n, y conductas &#8230; mayo 11, 2021 Blog ESPONDILITIS ANQUILOSANTE. enfermedad invalidante La espondilitis anquilosante (EA) es una enfermedad debilitante de larga duraci\u00f3n que &hellip;<\/p>\n<p class=\"read-more\"> <a class=\"ast-button\" href=\"https:\/\/tramitadorinvalidez.es\/index.php\/2021\/05\/11\/trastorno-obsesivo-compulsivo-t-o-c\/\"> <span class=\"screen-reader-text\">Trastorno Obsesivo Compulsivo (T.O.C.). Enfermedad invalidante<\/span> Leer m\u00e1s \u00bb<\/a><\/p>\n","protected":false},"author":1,"featured_media":0,"parent":0,"menu_order":0,"comment_status":"closed","ping_status":"closed","template":"","meta":{"spay_email":""},"_links":{"self":[{"href":"https:\/\/tramitadorinvalidez.es\/index.php\/wp-json\/wp\/v2\/pages\/9"}],"collection":[{"href":"https:\/\/tramitadorinvalidez.es\/index.php\/wp-json\/wp\/v2\/pages"}],"about":[{"href":"https:\/\/tramitadorinvalidez.es\/index.php\/wp-json\/wp\/v2\/types\/page"}],"author":[{"embeddable":true,"href":"https:\/\/tramitadorinvalidez.es\/index.php\/wp-json\/wp\/v2\/users\/1"}],"replies":[{"embeddable":true,"href":"https:\/\/tramitadorinvalidez.es\/index.php\/wp-json\/wp\/v2\/comments?post=9"}],"version-history":[{"count":19,"href":"https:\/\/tramitadorinvalidez.es\/index.php\/wp-json\/wp\/v2\/pages\/9\/revisions"}],"predecessor-version":[{"id":2595,"href":"https:\/\/tramitadorinvalidez.es\/index.php\/wp-json\/wp\/v2\/pages\/9\/revisions\/2595"}],"wp:attachment":[{"href":"https:\/\/tramitadorinvalidez.es\/index.php\/wp-json\/wp\/v2\/media?parent=9"}],"curies":[{"name":"wp","href":"https:\/\/api.w.org\/{rel}","templated":true}]}}